ist the prime factors of 46264.
2, 5783
List the prime factors of 16923.
3, 5641
List the prime factors of 753.
3, 251
List the prime factors of 127472.
2, 31, 257
List the prime factors of 1344.
2, 3, 7
List the prime factors of 11301.
3, 3767
List the prime factors of 5240.
2, 5, 131
List the prime factors of 49017.
3, 16339
What are the prime factors of 13645?
5, 2729
What are the prime factors of 42609?
3, 7, 2029
List the prime factors of 190136.
2, 23767
List the prime factors of 126.
2, 3, 7
What are the prime factors of 19241?
71, 271
List the prime factors of 8539.
8539
What are the prime factors of 33952?
2, 1061
What are the prime factors of 66951?
3, 43, 173
List the prime factors of 729.
3
List the prime factors of 10295.
5, 29, 71
List the prime factors of 730.
2, 5, 73
What are the prime factors of 2748?
2, 3, 229
What are the prime factors of 14314?
2, 17, 421
List the prime factors of 1222.
2, 13, 47
List the prime factors of 23474.
2, 11, 97
What are the prime factors of 5621?
7, 11, 73
List the prime factors of 470.
2, 5, 47
List the prime factors of 14202.
2, 3, 263
List the prime factors of 2990.
2, 5, 13, 23
What are the prime factors of 19247?
19, 1013
What are the prime factors of 3178?
2, 7, 227
List the prime factors of 19877.
11, 13, 139
List the prime factors of 615.
3, 5, 41
List the prime factors of 23.
23
What are the prime factors of 35854?
2, 7, 13, 197
List the prime factors of 4799.
4799
List the prime factors of 633.
3, 211
List the prime factors of 2071.
19, 109
List the prime factors of 4683.
3, 7, 223
What are the prime factors of 27836?
2, 6959
List the prime factors of 10717.
7, 1531
List the prime factors of 1588.
2, 397
List the prime factors of 8594.
2, 4297
List the prime factors of 7491.
3, 11, 227
List the prime factors of 126159.
3, 11, 3823
What are the prime factors of 1110?
2, 3, 5, 37
List the prime factors of 32053.
7, 19, 241
What are the prime factors of 904?
2, 113
List the prime factors of 2838.
2, 3, 11, 43
What are the prime factors of 8715?
3, 5, 7, 83
What are the prime factors of 625?
5
What are the prime factors of 130245?
3, 5, 19, 457
List the prime factors of 17602.
2, 13, 677
List the prime factors of 4511.
13, 347
What are the prime factors of 1221?
3, 11, 37
What are the prime factors of 58186?
2, 47, 619
What are the prime factors of 111707?
17, 6571
List the prime factors of 6128.
2, 383
List the prime factors of 15838.
2, 7919
List the prime factors of 9749.
9749
List the prime factors of 1645.
5, 7, 47
What are the prime factors of 7049?
7, 19, 53
What are the prime factors of 7121?
7121
List the prime factors of 77497.
7, 11071
List the prime factors of 530.
2, 5, 53
What are the prime factors of 92776?
2, 11597
What are the prime factors of 20544?
2, 3, 107
List the prime factors of 46834.
2, 23417
List the prime factors of 83857.
83857
What are the prime factors of 89588?
2, 22397
List the prime factors of 5385.
3, 5, 359
What are the prime factors of 5849?
5849
List the prime factors of 14174.
2, 19, 373
List the prime factors of 2281.
2281
List the prime factors of 61587.
3, 2281
List the prime factors of 52765.
5, 61, 173
List the prime factors of 1709.
1709
List the prime factors of 20455.
5, 4091
What are the prime factors of 1989?
3, 13, 17
List the prime factors of 123185.
5, 71, 347
List the prime factors of 1170.
2, 3, 5, 13
List the prime factors of 10414.
2, 41, 127
List the prime factors of 1499.
1499
List the prime factors of 28905.
3, 5, 41, 47
List the prime factors of 9837.
3, 1093
What are the prime factors of 53644?
2, 13411
What are the prime factors of 3783?
3, 13, 97
What are the prime factors of 2569?
7, 367
What are the prime factors of 103377?
3, 17, 2027
What are the prime factors of 29198?
2, 13, 1123
What are the prime factors of 48791?
97, 503
List the prime factors of 12129.
3, 13, 311
What are the prime factors of 473?
11, 43
What are the prime factors of 958?
2, 479
What are the prime factors of 2503?
2503
List the prime factors of 2595.
3, 5, 173
List the prime factors of 28574.
2, 7, 13, 157
List the prime factors of 5858.
2, 29, 101
What are the prime factors of 5349?
3, 1783
List the prime factors of 1150.
2, 5, 23
List the prime factors of 10423.
7, 1489
What are the prime factors of 7244?
2, 1811
List the prime factors of 34967.
73, 479
List the prime factors of 179.
179
List the prime factors of 2101.
11, 191
What are the prime factors of 1929?
3, 643
What are the prime factors of 8946?
2, 3, 7, 71
List the prime factors of 2446.
2, 1223
List the prime factors of 18613.
7, 2659
What are the prime factors of 2003?
2003
What are the prime factors of 19312?
2, 17, 71
What are the prime factors of 18073?
11, 31, 53
What are the prime factors of 8787?
3, 29, 101
List the prime factors of 16912.
2, 7, 151
List the prime factors of 856.
2, 107
List the prime factors of 466.
2, 233
List the prime factors of 61.
61
List the prime factors of 1560.
2, 3, 5, 13
What are the prime factors of 476?
2, 7, 17
What are the prime factors of 8039?
8039
What are the prime factors of 603?
3, 67
List the prime factors of 1791.
3, 199
What are the prime factors of 1989?
3, 13, 17
What are the prime factors of 846?
2, 3, 47
What are the prime factors of 7951?
7951
List the prime factors of 97015.
5, 19403
List the prime factors of 9171.
3, 1019
What are the prime factors of 1985?
5, 397
What are the prime factors of 37383?
3, 17, 733
List the prime factors of 2395.
5, 479
What are the prime factors of 126795?
3, 5, 79, 107
What are the prime factors of 62449?
197, 317
What are the prime factors of 303?
3, 101
What are the prime factors of 7075?
5, 283
What are the prime factors of 15294?
2, 3, 2549
List the prime factors of 9578.
2, 4789
List the prime factors of 498.
2, 3, 83
List the prime factors of 8065.
5, 1613
What are the prime factors of 75790?
2, 5, 11, 13, 53
List the prime factors of 23807.
7, 19, 179
List the prime factors of 4325.
5, 173
List the prime factors of 28486.
2, 14243
What are the prime factors of 70280?
2, 5, 7, 251
List the prime factors of 8452.
2, 2113
List the prime factors of 16692.
2, 3, 13, 107
What are the prime factors of 1454?
2, 727
List the prime factors of 487.
487
List the prime factors of 689.
13, 53
What are the prime factors of 4430?
2, 5, 443
List the prime factors of 22186.
2, 11093
List the prime factors of 1193.
1193
List the prime factors of 11458.
2, 17, 337
List the prime factors of 77.
7, 11
List the prime factors of 137770.
2, 5, 23, 599
List the prime factors of 61628.
2, 7, 31, 71
List the prime factors of 13860.
2, 3, 5, 7, 11
List the prime factors of 1136.
2, 71
What are the prime factors of 2886?
2, 3, 13, 37
What are the prime factors of 21402?
2, 3, 29, 41
What are the prime factors of 7727?
7727
What are the prime factors of 7501?
13, 577
What are the prime factors of 94661?
7, 13523
What are the prime factors of 3460?
2, 5, 173
List the prime factors of 1114.
2, 557
What are the prime factors of 854?
2, 7, 61
List the prime factors of 11775.
3, 5, 157
List the prime factors of 48710.
2, 5, 4871
List the prime factors of 942.
2, 3, 157
What are the prime factors of 3394?
2, 1697
List the prime factors of 1560.
2, 3, 5, 13
What are the prime factors of 191?
191
List the prime factors of 64248.
2, 3, 2677
List the prime factors of 1770.
2, 3, 5, 59
List the prime factors of 4429.
43, 103
List the prime factors of 2468.
2, 617
List the prime factors of 4175.
5, 167
List the prime factors of 3261.
3, 1087
What are the prime factors of 329?
7, 47
What are the prime factors of 12870?
2, 3, 5, 11, 13
What are the prime factors of 31656?
2, 3, 1319
What are the prime factors of 12175?
5, 487
What are the prime factors of 1009?
1009
What are the prime factors of 94717?
7, 1933
What are the prime factors of 90232?
2, 11279
List the prime factors of 40629.
3, 29, 467
List the prime factors of 67230.
2, 3, 5, 83
What are the prime factors of 23?
23
List the prime factors of 55641.
3, 17, 1091
List the prime factors of 381.
3, 127
What are the prime factors of 118975?
5, 4759
List the prime factors of 136159.
47, 2897
What are the prime factors of 16378?
2, 19, 431
List the prime factors of 27376.
2, 29, 